pose -4*b - 3 = 13. Let n = b - -5. What is f(n)?
5
Let s(y) = -4*y + 11*y + 3 - 4*y - 5*y. Let v be 6/(30/25) - -1. What is s(v)?
-9
Let b = -371 - -374. Let y(l) be the first derivative of 1/4*l**4 + 4/3*l**b - 3*l - 1 + 1/2*l**2. Give y(-4).
-7
Let z(q) = -3 + 20*q**2 - 4*q + 2*q - 22*q**2. Let m be z(-2). Let o(c) = 2*c - 8. Give o(m).
-22
Let f(n) be the second derivative of -n**4/12 + n**3/2 + 2*n**2 - 5*n + 12. Suppose -4*s + 17 = -3. Determine f(s).
-6
Suppose -2*b + 16 = -3*g, 3*b - 28 = 5*g - b. Let a = -8 - g. Let x(k) be the third derivative of -k**4/24 - k**3/6 + 5*k**2. Calculate x(a).
3
Let f(y) be the second derivative of y**6/720 + y**5/20 + y**4/3 + 7*y. Let t(n) be the third derivative of f(n). Let v = -16 - -11. Determine t(v).
1
Let b(a) = -a**3 + a**2 - 2*a + 2. Let h be b(0). Let r(w) = -2*w**3 + 3 - 6*w + 9*w + w**3 - 3*w**h. Give r(-4).
7
Suppose 56 = 20*w + 196. Let j(c) = c**2 + 8*c + 12. What is j(w)?
5
Suppose 1 - 8 = -m. Let d(r) be the first derivative of -r**4/4 + 7*r**3/3 + 9*r - 229. Determine d(m).
9
Let p(a) = 232*a + 236*a - 5 - 472*a. Determine p(4).
-21
Let y(m) = -m**3 + 6*m**2 + 9*m + 7. Suppose -17*q = -49*q + 224. Give y(q).
21
Let v(s) be the first derivative of 2*s - 1/3*s**3 + 0*s**2 - 41. Give v(2).
-2
Let t be (2/3)/(-2*(-1)/(-9)). Let q(i) be the first derivative of i**4/12 + i**3/6 - 3*i**2/2 - 3. Let y(s) be the second derivative of q(s). What is y(t)?
-5
Let m(h) = h + 8. Let w(c) = -2*c + 10. Let y be w(3). Suppose -36 = 2*f + y*f. Give m(f).
2
Let l = -181 + 182. Let g(m) = -m**2 + m + 4. Let y(o) = 3*o**2 - 2*o - 11. Let n(w) = 8*g(w) + 3*y(w). What is n(l)?
2
Let p be ((-4)/4)/(-17 + 16). Let v(m) be the second derivative of m**4/3 + m**3/6 - 2*m. What is v(p)?
5
Let q(k) = -k + 7. Let v be (9 - 110/20)*(-52)/(-14). Determine q(v).
-6
Let n(j) = -j + 37. Suppose 0*u = -4*u - 3*s - 15, 3*u - 3*s - 15 = 0. Calculate n(u).
37
Let d(r) = r + 20. Let t = 1940 + -1951. Calculate d(t).
9
Let d(a) = 3*a - 2. Suppose -11*x - 24 = -2. Calculate d(x).
-8
Let l(z) = -40 - 31 + z + 99 - 33. Give l(0).
-5
Let c(v) = 0 - 191*v - 1 + 0*v**2 - v**2 - 191*v + 372*v. Calculate c(-7).
20
Let w(c) be the second derivative of 0*c**2 + 0 + 1/120*c**5 + 1/2*c**3 - 3*c + 1/12*c**4. Let j(z) be the second derivative of w(z). Determine j(2).
4
Let s(g) = 3*g**2 - g**3 - g + 1 - 2*g + 0*g**2. Let t = 0 + 16. Suppose -17*c + 3 = -t*c. What is s(c)?
-8
Let u be ((-4)/(-6))/((-4)/264). Let r = u - -74. Let b(s) = -r + 25 - s - 3*s. What is b(-4)?
11
Let g(t) = -14*t**3 - 6*t**2 - 7*t - 1. Let u(y) = -14*y**3 - 5*y**2 - 6*y - 1. Let c(v) = 6*g(v) - 7*u(v). Calculate c(1).
14
Let p(a) be the second derivative of a**5/20 + a**4/6 - 2*a**3/3 - 3*a**2/2 + 54*a. Suppose 2*l + 231 = -11. Let z be (-4)/(-22) + 385/l. Give p(z).
0
Let f(l) = -2*l**3 + 24*l**2 + 2*l - 3. Let m(d) = -d**3 + 11*d**2 + d - 1. Let n(z) = -3*f(z) + 7*m(z). Calculate n(5).
7
Let a(v) = 16*v + 7 - 9 - v + v**2 + 0*v**2 + 3. Calculate a(-11).
-43
Let h be -1*(3 - 6) + -8. Let q(v) = v - 1. Determine q(h).
-6
Let f(g) be the second derivative of 13*g**3/6 - g**2 + 25*g. Let v(o) = -6*o + 1. Let x(j) = 6*f(j) + 11*v(j). What is x(1)?
11
Let i = -1375 - -2557. Let c(z) = i*z**2 + 1 - 1182*z**2 + 6*z**3. What is c(1)?
7
Let w(d) = -7*d**2 - 14*d + 25. Let r(t) = 13*t**2 + 28*t - 49. Let q(z) = -6*r(z) - 11*w(z). Calculate q(-15).
4
Let n(g) = -13*g + 0*g**2 + 2*g**2 + 3 - g**2 - 18. Calculate n(14).
-1
Let t(p) = -2*p**2 + 5*p - 3. Let k(v) = -3*v**2 + 4*v - 4. Let w(y) = -3*k(y) + 4*t(y). Determine w(-6).
-12
Let w(i) = -i**2 - 9*i + 8. Let k be -2 + (7 - 2 - 13). Determine w(k).
-2
Let v(u) = 27*u**2 - 72*u**2 + u + 85*u**2. Determine v(-1).
39
Let z(o) = -3 - 8*o - 12 + 4 + 5 + 3. What is z(-1)?
5
Suppose 4 = p + 19. Let c(l) = -l**3 - 14*l**2 + 16*l + 16. What is c(p)?
1
Suppose 12 = 2*j + 2*j. Let m(t) = -t - 2*t - 3 + 3*t**2 + 2*t**3 - j*t**3. Suppose -20*u = -72 + 12. What is m(u)?
-12
Let r(b) = b**2 + 5*b - 5. Suppose 140*l = 139*l + 16. Suppose -2*n - 3*o = l, -5*n - 27 = -2*o + 3*o. Give r(n).
-5
Let f(y) = 4*y + 38. Let c(u) = u**3 + 9*u**2 + 17*u + 12. Let p be c(-7). Calculate f(p).
2
Let l(i) = -2 + 2*i + 2*i**3 + 2*i**3 - 3*i**3 - 5*i**2. Let a(p) = -2*p**3 + 6*p**2 + 11*p - 40. Let n be a(5). Let r = n + 90. Give l(r).
8
Let t(x) be the first derivative of 2 - 1/3*x**3 + 0*x - 1/2*x**2. What is t(2)?
-6
Let s(u) = -166 + 380 - 209 + 21*u. Calculate s(-2).
-37
Let c(r) = -r. Let o(h) = 5*h + 3. Let u(b) = -4*c(b) - o(b). Let q be u(-7). Let m(t) be the first derivative of -t**2/2 + t - 1. Determine m(q).
-3
Let c(a) be the second derivative of a**3/2 - 13*a**2 + 3*a + 111. Give c(10).
4
Let d(c) be the second derivative of 0 + 3*c - 3/2*c**2 + 0*c**5 + 1/24*c**4 + 0*c**3 - 1/120*c**6. Let z(u) be the first derivative of d(u). Determine z(1).
0
Let r(f) be the first derivative of f**4/4 - 7*f**3/3 + 3*f**2/2 + 8*f - 1. Let d = 89 - 85. Suppose -d*w - 17 = -2*a - 5*w, -19 = a - 5*w. Determine r(a).
-10
Let o be (-7 - -11) + (-12)/(-2) + -2. Let t(g) = -13*g**2 + 53*g - 40. Let f(r) = -3*r**2 + 13*r - 10. Let q(h) = 9*f(h) - 2*t(h). Calculate q(o).
14
Let d(c) = c**2 - 7*c - 4. Let i be d(7). Let r(v) = -v**3 - 2*v**2 + 6*v + 4. Give r(i).
12
Let x(j) = j**3 + j**2 - 3*j. Let u(g) = -5*g**3 + 10*g**2 + 14*g - 17. Let l(d) = u(d) + 4*x(d). What is l(14)?
11
Suppose 0 = -4*v - 5*p - 12, 3*v - 8*v - 24 = 4*p. Let d(o) = o**2 + 8*o + 2. What is d(v)?
2
Let n(g) = -g**3 + g**2 + g - 1. Let m(x) = -4*x**3 + 11*x**2 + 6*x - 4. Let t(p) = m(p) - 5*n(p). Let h = 2 - -1. Suppose h*q - 3 + 21 = 0. Give t(q).
-5
Let o(x) = -x**2 - 25*x - 27. Let w(v) = 2*v**3 + 10*v**2 + 13*v - 21. Let s be w(-3). What is o(s)?
-3
Let i(l) be the third derivative of 0 + 3/8*l**4 + 0*l - 2*l**3 - 1/120*l**6 + 7/60*l**5 + 8*l**2. Give i(8).
-4
Let a(x) = -4*x - 20. Let r be a(-6). Suppose -s - r*s + 25 = 0. Let y(n) be the first derivative of n**3/3 - 3*n**2 + 6*n + 2. Calculate y(s).
1
Let o be (-6 + 121/22)*14. Let a(i) = i**2 - i. Calculate a(o).
56
Let x be ((-32)/(-40))/(1/10). Suppose x = 2*m - 0*m. Let n(z) = z**3 - 3*z**2 - 3*z + 5. Give n(m).
9
Let b(h) be the first derivative of -5/3*h**3 - 1/4*h**4 + 0*h**2 - 1 + 2*h. Let r(u) = -u - 18. Let k be r(-13). Calculate b(k).
2
Let o(k) be the second derivative of -8*k + 0 + 1/12*k**4 - 1/4*k**5 - 1/6*k**3 + 0*k**2. Determine o(1).
-5
Let g(b) = -b**3 - 8*b**2 - 8*b - 4. Let d be g(-7). Let z(r) = -2*r**2 + 4*r - 2. Let u(f) = f**2 + f - 1. Let c(v) = d*u(v) - z(v). Give c(-1).
5
Let x(c) = c**2 + 5*c - 3. Suppose -1 = z - 7. Let u = -439 - -427. Let p = u + z. Determine x(p).
3
Let q be (2*-1 - -13)*(5 + -4). Let z(v) = v**3 - 11*v**2 + v - 11. Determine z(q).
0
Let r be (35 + -39)/(2/1). Let t(l) = -l - 3. Give t(r).
-1
Let r(s) = -41*s + 119. Let n be r(3). Let x(l) = l**2 + 3*l + 2*l - 1 - 4*l. Determine x(n).
11
Let i(x) = 10*x - 1. Let z(o) = -5*o + 1. Let g(f) = 3*i(f) + 5*z(f). Let a(u) = -u**3 + 29*u**2 - 54*u + 2. Let h be a(27). What is g(h)?
12
Let b = 84 + -82. Let d(x) = -4*x**2 - 6*x + 13*x - 2*x**2 - 7 + 5*x**b. Calculate d(5).
3
Let b(y) = 4*y**2 - 21*y**3 - 20*y**3 + 2*y - 16 + 3*y**2 + 40*y**3 + 3*y. Give b(7).
19
Let o(u) = -u - 7. Let l(z) = -4*z + 2. Let r(w) = 6*w - 3. Let s(a) = -8*l(a) - 5*r(a). Let h be s(-2). Give o(h).
-2
Let k(q) = q + 7. Let g(u) = u**2 + 17*u + 34. Let z be g(-15). Let o(p) = -p**3 - p. Let i be o(-1). Suppose 0 = z*y - 4*c + 32, -5 - 3 = -i*c. Determine k(y).
3
Let c(v) = v**3 - 11*v**2 + v - 5. Let s be c(11). Let z(a) = -2*a - a**2 + a + 8*a - 5. Determine z(s).
1
Let m(q) = q**3 + q**2 + q - 2. Let c(h) = -50*h + 12. Let s be c(-5). Let k = s + -370. Let i be k/(-45) + 2/(-5). What is m(i)?
12
Let l(q) = 439*q + 59. Let k(s) = -45657*s - 6137. Let c(i) = -2*k(i) - 209*l(i). Let v(h) = -38*h - 5. Let b(a) = 5*c(a) - 57*v(a). Give b(1).
-19
Let p(b) = 4*b**2 + b + 2. Let z(m) = 13*m**2 + 9*m - 2. Let t be z(-1). Calculate p(t).
20
Suppose -151 = 36*k - 439. Let h(m) = -2*m + 18. Determine h(k).
2
Let l = 21 + -20. Let r(g) = 3*g**2 + 3*g - 2. Let b be r(l). Let v(p) = -p**3 + 6*p**2 - p - 5. Determine v(b).
23
Let b(r) = 3*r - 1. Let u(t) = t - 8. Let s be u(6). Let